are the prime factors of 2589?
3, 863
What are the prime factors of 344?
2, 43
What are the prime factors of 790?
2, 5, 79
List the prime factors of 936.
2, 3, 13
List the prime factors of 510.
2, 3, 5, 17
List the prime factors of 31056.
2, 3, 647
List the prime factors of 1083.
3, 19
List the prime factors of 25469.
25469
List the prime factors of 76742.
2, 38371
List the prime factors of 16010.
2, 5, 1601
What are the prime factors of 99986?
2, 49993
List the prime factors of 43344.
2, 3, 7, 43
What are the prime factors of 27240?
2, 3, 5, 227
List the prime factors of 6500.
2, 5, 13
List the prime factors of 14604.
2, 3, 1217
List the prime factors of 878.
2, 439
List the prime factors of 3293.
37, 89
List the prime factors of 15500.
2, 5, 31
What are the prime factors of 4259?
4259
What are the prime factors of 21231?
3, 7, 337
List the prime factors of 147518.
2, 7, 41, 257
What are the prime factors of 45683?
11, 4153
What are the prime factors of 15668?
2, 3917
List the prime factors of 17743.
11, 1613
List the prime factors of 954.
2, 3, 53
List the prime factors of 67593.
3, 22531
What are the prime factors of 1102?
2, 19, 29
List the prime factors of 8481.
3, 11, 257
List the prime factors of 69878.
2, 34939
What are the prime factors of 16486?
2, 8243
List the prime factors of 771.
3, 257
List the prime factors of 702.
2, 3, 13
What are the prime factors of 227?
227
List the prime factors of 616.
2, 7, 11
List the prime factors of 12193.
89, 137
List the prime factors of 1917.
3, 71
What are the prime factors of 82242?
2, 3, 1523
List the prime factors of 26932.
2, 6733
What are the prime factors of 16709?
7, 11, 31
What are the prime factors of 10489?
17, 617
List the prime factors of 125.
5
List the prime factors of 3853.
3853
List the prime factors of 1543.
1543
What are the prime factors of 7140?
2, 3, 5, 7, 17
What are the prime factors of 1629?
3, 181
What are the prime factors of 9905?
5, 7, 283
What are the prime factors of 33464?
2, 47, 89
List the prime factors of 32303.
32303
What are the prime factors of 3133?
13, 241
What are the prime factors of 11145?
3, 5, 743
List the prime factors of 130050.
2, 3, 5, 17
What are the prime factors of 4736?
2, 37
List the prime factors of 22691.
22691
What are the prime factors of 850?
2, 5, 17
List the prime factors of 2880.
2, 3, 5
What are the prime factors of 1155?
3, 5, 7, 11
List the prime factors of 23070.
2, 3, 5, 769
What are the prime factors of 235?
5, 47
What are the prime factors of 4948?
2, 1237
What are the prime factors of 14264?
2, 1783
What are the prime factors of 37410?
2, 3, 5, 29, 43
List the prime factors of 47784.
2, 3, 11, 181
What are the prime factors of 12168?
2, 3, 13
What are the prime factors of 43349?
67, 647
List the prime factors of 5985.
3, 5, 7, 19
List the prime factors of 26732.
2, 41, 163
List the prime factors of 4353.
3, 1451
List the prime factors of 6551.
6551
List the prime factors of 3892.
2, 7, 139
What are the prime factors of 20196?
2, 3, 11, 17
List the prime factors of 82553.
31, 2663
What are the prime factors of 36179?
11, 13, 23
List the prime factors of 37113.
3, 89, 139
List the prime factors of 54700.
2, 5, 547
List the prime factors of 1725.
3, 5, 23
List the prime factors of 48561.
3, 16187
What are the prime factors of 6083?
7, 11, 79
List the prime factors of 1041.
3, 347
List the prime factors of 3482.
2, 1741
What are the prime factors of 1075?
5, 43
What are the prime factors of 40374?
2, 3, 2243
List the prime factors of 2343.
3, 11, 71
List the prime factors of 1822.
2, 911
List the prime factors of 95.
5, 19
List the prime factors of 6110.
2, 5, 13, 47
List the prime factors of 21555.
3, 5, 479
What are the prime factors of 24423?
3, 7, 1163
What are the prime factors of 1866?
2, 3, 311
List the prime factors of 19041.
3, 11, 577
What are the prime factors of 1677?
3, 13, 43
What are the prime factors of 84349?
84349
What are the prime factors of 8326?
2, 23, 181
What are the prime factors of 118045?
5, 23609
What are the prime factors of 1968?
2, 3, 41
What are the prime factors of 522?
2, 3, 29
What are the prime factors of 959?
7, 137
What are the prime factors of 27148?
2, 11, 617
What are the prime factors of 2227?
17, 131
List the prime factors of 530.
2, 5, 53
List the prime factors of 7923.
3, 19, 139
List the prime factors of 15187.
15187
List the prime factors of 23028.
2, 3, 19, 101
What are the prime factors of 638?
2, 11, 29
List the prime factors of 18652.
2, 4663
List the prime factors of 6879.
3, 2293
What are the prime factors of 13941?
3, 1549
What are the prime factors of 9849?
3, 7, 67
What are the prime factors of 1008?
2, 3, 7
What are the prime factors of 27595?
5, 5519
What are the prime factors of 47725?
5, 23, 83
List the prime factors of 3211.
13, 19
What are the prime factors of 12866?
2, 7, 919
List the prime factors of 48074.
2, 13, 43
List the prime factors of 1961.
37, 53
What are the prime factors of 33167?
17, 1951
List the prime factors of 799.
17, 47
What are the prime factors of 1523?
1523
What are the prime factors of 24334?
2, 23
What are the prime factors of 4025?
5, 7, 23
What are the prime factors of 489?
3, 163
List the prime factors of 8216.
2, 13, 79
What are the prime factors of 3053?
43, 71
What are the prime factors of 88468?
2, 17, 1301
List the prime factors of 988.
2, 13, 19
List the prime factors of 248.
2, 31
List the prime factors of 730.
2, 5, 73
List the prime factors of 61368.
2, 3, 2557
List the prime factors of 1528.
2, 191
List the prime factors of 21930.
2, 3, 5, 17, 43
What are the prime factors of 5062?
2, 2531
What are the prime factors of 482?
2, 241
What are the prime factors of 8411?
13, 647
List the prime factors of 27094.
2, 19, 23, 31
What are the prime factors of 7629?
3, 2543
What are the prime factors of 29525?
5, 1181
What are the prime factors of 1531?
1531
List the prime factors of 12061.
7, 1723
What are the prime factors of 77468?
2, 107, 181
List the prime factors of 28448.
2, 7, 127
List the prime factors of 292.
2, 73
List the prime factors of 24632.
2, 3079
What are the prime factors of 1034?
2, 11, 47
What are the prime factors of 10188?
2, 3, 283
What are the prime factors of 3812?
2, 953
What are the prime factors of 43299?
3, 17, 283
What are the prime factors of 2085?
3, 5, 139
List the prime factors of 14075.
5, 563
What are the prime factors of 16?
2
List the prime factors of 23796.
2, 3, 661
List the prime factors of 37.
37
What are the prime factors of 33549?
3, 53, 211
What are the prime factors of 2488?
2, 311
List the prime factors of 13033.
13033
What are the prime factors of 71857?
181, 397
List the prime factors of 5623.
5623
What are the prime factors of 1553?
1553
List the prime factors of 8998.
2, 11, 409
List the prime factors of 918.
2, 3, 17
List the prime factors of 582.
2, 3, 97
List the prime factors of 2526.
2, 3, 421
What are the prime factors of 7505?
5, 19, 79
List the prime factors of 1205.
5, 241
What are the prime factors of 563?
563
List the prime factors of 13460.
2, 5, 673
What are the prime factors of 1675?
5, 67
List the prime factors of 2613.
3, 13, 67
List the prime factors of 2774.
2, 19, 73
What are the prime factors of 32406?
2, 3, 11, 491
List the prime factors of 4432.
2, 277
List the prime factors of 858.
2, 3, 11, 13
What are the prime factors of 8315?
5, 1663
What are the prime factors of 49844?
2, 17, 733
List the prime factors of 11174.
2, 37, 151
What are the prime factors of 117?
3, 13
List the prime factors of 12510.
2, 3, 5, 139
What are the prime factors of 2804?
2, 701
List the prime factors of 6025.
5, 241
What are the prime factors of 103496?
2, 17, 761
List the prime factors of 5028.
2, 3, 419
What are the prime factors of 65769?
3, 11, 1993
What are the prime factors of 111128?
2, 29, 479
What are the prime factors of 8389?
8389
List the prime factors of 15588.
2, 3, 433
List the prime factors of 1323.
3, 7
List the prime factors of 826.
2, 7, 59
What are the prime factors of 136905?
3, 5, 9127
What are the prime factors of 2492?
2, 7, 89
List the prime factors of 36042.
2, 3, 6007
What are the prime factors of 112149?
3, 17, 733
List the prime factors of 3626.
2, 7, 37
List 